 - 15?
-1
Evaluate -16 + 6 + (2 - (-2 + 5)) + 1.
-10
What is the value of -5 + -17 + 0 + 1 + (-5 - -9)?
-17
Evaluate -7 + (1 - 2) - (-24 + -17 + 43).
-10
Evaluate 36 - (-15 - -19 - -31).
1
Evaluate 9 + (4 - (-7 + 5 + -6 + 3)).
18
What is the value of (-7 - (1 - 1)) + -4356 + 4374?
11
-11 + -3 + -3 - (6 + 3 + 0)
-26
What is the value of (-2 - -4) + 4 + -4 + 4 + 0?
6
Calculate (0 - 1) + -2 + 1 + (-78 - -69).
-11
Calculate 26 + (10 - 22) - 27.
-13
What is 6 + 2 + -3 + (28 - 12)?
21
53 + -49 + ((2 - -1) + -4 - -4)
7
Calculate (1 - -9) + (8 - (27 + -8)).
-1
Calculate 10 + (-3 - -19 - 10) + -9.
7
Calculate -4 - -10 - (3 - 5) - 15 - -33.
26
13 + (63 - 63 - (2 - 3 - -1))
13
(-2 + 1 + -1 - (-8 + 4)) + -9
-7
Calculate 2 + -26 - (-621 - -572).
25
Calculate (-79 - -45) + 6 + 3 + 2.
-23
Evaluate (13 - (-13 - -18)) + -17.
-9
What is 54 - 39 - (-1 + 26) - (2 - -7)?
-19
What is the value of 27 + (-39 - -9) - (3 - -1)?
-7
Evaluate -214 - -227 - (14 - -2).
-3
Evaluate (20 - (-12 + 29)) + (-3 - -14) + -1.
13
What is the value of 14 + (22 - 5 - 24) + -2 + -1?
4
What is -2 - ((7 - 1) + -2 + (10 - 14))?
-2
What is (5 - 9) + 8 + -2 - (-10 + -1)?
13
What is the value of (-7 + -2 + 2 - -7) + -7?
-7
Calculate (5 - (3 + -11)) + (-7 - -5) + 2.
13
What is the value of -1 + -20 - (-9 + (15 - -5) + -11)?
-21
Calculate -3 + (24 - (34 - -2)).
-15
What is ((-87 - -59) + -2 + 2 - 2) + 1?
-29
Calculate 10 + (-14 + 20 - 4 - 35).
-23
What is 28 - 33 - -14 - 29?
-20
What is (14 - 17) + 18 + -9?
6
Calculate -26 - ((293 - 286) + -13 + 1).
-21
What is (7 - (0 - 9)) + (4 - (5 + -3))?
18
What is the value of 2095 + -2102 - (21 - -1)?
-29
Calculate -19 + -8 + (14 - -1).
-12
Calculate (3 + 2 - -3) + -10 + -2.
-4
Calculate 32 + (-24 - -7) - 11.
4
What is the value of 3 + (-1 - (8 - 4 - -2)) + -8?
-12
Calculate (4 - 7 - -7 - 1) + -4 + -4.
-5
Calculate -4 + -15 + 5 + (-4 - (-3 - 6)).
-9
Calculate 1 + 7 + -1 - 5.
2
-45 - -43 - (0 + 0 + 3) - 2
-7
What is the value of -2 - -2 - (10 + -4 + -19 + 4)?
9
What is -11 - (0 - 12 - -13)?
-12
Evaluate 18 + (23 - 0 - 19).
22
Evaluate 6 + -13 + 2 + 8 + 1.
4
-38 - -61 - 8 - 16
-1
Calculate 7 + -9 + 7 + 1.
6
Calculate -8 - (1 - (8 - -6)) - (5 - -4).
-4
(1 - (10 + 3 + 5 + -12)) + 10
5
Calculate 12 - 1 - (-3 - -4 - -5).
5
What is (108 + -112 + -1 + 8 - 2) + 9?
10
Calculate (-11 - (11 + -10 + 7)) + 7 + 1.
-11
27 + (4 - 37) - -2
-4
What is 33 - (10 + 28 + -19)?
14
Calculate 17 + (-1 - (-16 - -9 - -12)).
11
4 - (1 - (-8 + 2 + -3))
-6
What is the value of -18 + (-35 + (12 - -6) - -22)?
-13
What is the value of (11 - 8) + 7 + (-16 - -5)?
-1
Calculate 13 + -67 + (-37 - -54).
-37
What is the value of (-2 - -11) + (-2 - (-2 + -9)) + -5?
13
-5 - (-1 + 0 + -2 + 9) - -26
15
Calculate 2 + (7 - 6) + (0 - -3) + 6.
12
Calculate (454 - 455) + 1 + 17 + -1 + 0.
16
16 + (3 - 0 - 16)
3
Evaluate -81 + 85 + 38 + -9.
33
Calculate -1 + 1 - (-7 - -24 - 16).
-1
What is -1 - (12 - (12 + 14))?
13
What is 12 + 0 + 1 + 1 + (47 - 52)?
9
Evaluate -1 + 13 - (7 + -26 - -44).
-13
Calculate -4 + 3 - -4 - (-22 + -9).
34
Calculate (7 - (2 - (9 + 2))) + -1.
15
Calculate -5 + 13 + 1 + -17.
-8
Evaluate 93 + -103 + 15 + -1 + 6.
10
Calculate -21 - 0 - (-401 + 389).
-9
22 + (3 - -1 - 19) + -6 + 12
13
Calculate 23 - (22 - -2) - 2.
-3
Calculate -27 - (11 + -58 + 24).
-4
What is 12 + 7 + (8 - 3)?
24
22 + -1 - (6 - (29 + -22))
22
38 + (8 - -12) + -82
-24
Calculate 5 + -18 - -21 - (11 + 2).
-5
-53 + 25 - (-13 - 36)
21
Calculate -7 + -6 + -1 - (-44 + 39).
-9
12 - (-14 + (-9 - -32))
3
Calculate (9 - (0 + -4)) + -15.
-2
What is 9 + -1 + (10 - 8 - (7 + 7))?
-4
What is -5 - (12 - ((4 - (5 + -2)) + 4))?
-12
Evaluate -10 + ((-9 + -1 - -5) + 7 - -5).
-3
What is the value of 18 + -57 + 79 - 74?
-34
(0 - (-5 + 5 + 4)) + 10
6
-39 + (9 - 9) + 11 - -9
-19
Evaluate 3 - ((-2 - 12) + 16).
1
Evaluate -13 + 30 - 13 - 4.
0
Calculate (3 - 9) + -2 + (4 - (-4 + 2)).
-2
What is (39 + -13 - 22) + -14?
-10
(0 - 4) + (12 - (5 + 6)) + -4
-7
-15 - (399 + -400 + (0 - 0))
-14
What is the value of 5 + -4 + -2 + (-6 - -7) - 9?
-9
Evaluate (59 - (-12 + 26)) + -29.
16
15 + 1 + (-3 + 2 - (-55 + 58))
12
What is the value of (-65 + 73 - (1 - 3 - -5)) + 2?
7
What is the value of 5 + -12 + 0 + 4 + -3 + 5?
-1
What is the value of (-12 + 34 - 3) + -36?
-17
What is -9 - (8 + (-6 - -7) + -8 - 1)?
-9
-2 - 6 - -3 - 11 - -2
-14
(3 - -8) + 31 + -43
-1
Calculate -19 - (-18 + (2 - 18) - 12).
27
What is -14 - ((10 - (2 + 10)) + 1 + -2)?
-11
Evaluate (-5 - 22) + 8 + 3.
-16
What is the value of (23 - 19) + (-2 - -5 - -1)?
8
Calculate (259 - 270) + 2 + 2 + 20.
13
4 - (2 - 8) - (-29 + 26)
13
Evaluate -3 + (-1 - 9) + 10.
-3
Evaluate -23 + -31 + 29 + 15.
-10
(10 - 50) + -2 + 37
-5
What is the value of 3 + (-108 + 76 - (-3 + 0 + -1))?
-25
What is 3 + 6 + -4 - 12?
-7
64 + -73 + 19 + (-1 - 12)
-3
Evaluate (1 + -14 - (-363 - -361)) + 47.
36
Calculate 1 + -3 + 11 - (10 - 13).
12
What is -11 - -19 - 43 - (23 - 25)?
-33
What is the value of -30 + 7 + 14 + (2 - -34) + 4?
31
What is 6 - (-2 - 0 - (-107 - -100))?
1
Calculate (-6 - (-3 - 7 - -9)) + 28.
23
What is 55 + -35 + 2 + -7?
15
-8 + -3 + 3 + (18 + 1 - 7)
4
What is the value of 5 + -3 + 2 + -2 + -5 + -17?
-20
(-10 - -1) + 2 + -2 + 17 + 11
19
Evaluate 2 + -1 + (1 - 0) + 1.
3
Calculate -2 + (-18 - -3) + 23.
6
-8 - 2 - (-555 - -551)
-6
0 - (0 + (-3 - (3 + -7) - 12))
11
What is the value of -5 - ((-8 - (-10 + (47 - 8))) + -3)?
35
What is -1042 - -1012 - ((-4 - (-3 - 0)) + 1)?
-30
What is -1 + (-8 - 4) + -78 + 79?
-12
Calculate 32 + -18 + 4 + (-1 + 0 - 4).
13
Evaluate 18 + -2 - (10 - -5).
1
What is the value of -14 + -4 + 32 + -7 + -7?
0
-2 + 10 + (65 - (-41 - -92))
22
Calculate -1 + (12 + -4 + -1 - -3).
9
What is the value of -12 + (-2 - -12) + -7 + -10?
-19
What is 12 + -12 + -6 + 10?
4
What is (16 + -20 - 21) + 26?
1
2 + (-13 + 2 - (-16 + 6))
1
Calculate -23 + 65 + -28 + -38.
-24
Evaluate (1 - 2) + (22 - 4) + 191 + -188.
20
What is the value of (-14 - -12) + 6 - -27 - 2?
29
Evaluate 8 + -2 + (-14 + -13 - -17).
-4
What is the value of (-5 - -11 - 0) + 6 + -8?
4
What is 79 + -31 + -19 + -1?
28
What is the value of (-6 - -8) + (12 - 7)?
7
Calculate -15 - (1 + -8) - -12.
4
What is 6 + (-2 + -6 - -5) + (52 - 42)?
13
(-3 - -2) + -12 + 20 - -5
12
What is (48 - 1) + -84 + 143 + -75?
31
What is the value of -9 + 4 + (-6 - -10)?
-1
What is the value of -10 - 3 - (-11 - -16 - (-2 - -2))?
-18
What is the value of -1 + (24 - 18) + -14?
-9
What is 1 + -10 + (-17 - -33) + -10?
-3
Evaluate -164 + 179 + -2 + -19.
-6
Evaluate 3 - (-2 + 11 + -68 + 58 + 1).
3
Calculate (-10 - -15) + -25 + 7 + -2 + -1.
-16
Calculate -11 + -9 - -9 - 2.
-13
What is (-1 - -5) + 22 + (14 - 53) - 1?
-14
What is (-37 + (-6 - (-17 - -6)) - -7) + 1?
-24
Calculate 43 + -54 - (32 - 75).
32
Evaluate (4 - 2) + 7 + (7 - 9).
7
Evaluate 2 - -7 - (26 - 2).
-15
What is (-2 - -2) + 10 + (-4 - -3 - 4)?
5
What is the value of -12 - (-30 + 22 + -10)?
6
What is the value of (87 - 103) + (-4 - 0 - (1 + -1))?
-20
7 + (-28 - -18) + (-1 - -7)
3
What is ((3 - 7) + 16 - 37) + (-1 - -8)?
-18
What is the value of -11 + (1 - (-11 + 7)) + 8?
2
5 - (-4 + 3 + -9 + 1)
14
10 + (-14 - 15) - -37
18
What is 9 + ((9 - 2) + -10 - 8)?
-2
Calculate 3 - (-13 + 14 + 9).
-7
Calculate 5 - 1 - (128 - 134).
10
What is the value of -1 + (12 - 6) - (6 + 3)?
-4
What is (-1 - -2 - 6) + 10 + -6 + 1?
0
16 - (-9 + 19 + 29 + 4)
-27
-9 + 12 + 15 + -5 + -2
11
Calculate -5 + (-1 - -3) - (-7 + (31 - 12)).
-15
Calculate (-6 - (0 - 6)) + 3 + 0.
3
What is the value of 0 - -3 - (45 - 37)?
-5
Calculate 4 + -18 - (-87 + 54).
19
Calculate 19 + 14 + -28 + 9.
14
-18 + -11 + 3 - (-5 + 0 + -4)
-17
(-14 + -11 - -15) + 13
3
22 + -24 + 23 - -19
40
What is -4 - (-3 - 0) - -10?
9
What is the value of -4 + 0 + 5 - (-10 - (-3 + -7))?
1
What is 7 + (-21 + 14 - -14 - (4 + 1))?
9
What is -11 - (0 + (-4 - (-10 - -4)))?
-13
What is the value of -2 + 11 + (-5 - 0) - -9?
13
(-15 - (-10 + 4)) + 8 + -11
-12
Calculate -13 + 5 + (-5 + (7 - -4) - -29).
27
What is -15 - 1 - (-15 + 8)?
-9
Calculate 6 + (8 - 21) + (1 - -4).
-2
Evaluate (5 - (-1 + 8 + -3)) + 16.
17
Evaluate 29 + -20 + 16 + -16 - -6.
15
Evaluate 2 - (-4 - -22 - 5 - 4 - 8).
1
-9 + 3 + 10 + 3 - (8 + -1)
0
What is the value of (675 - 681) + 28 + 1?
23
Calculate 28 + (-1 - (1 - 2)) 